s divided by 7?
4
Let m = 490 - 365. What is the remainder when 247 is divided by m?
122
Suppose 2*k = 69 - 77, -2*i - k = -596. Calculate the remainder when i is divided by 38.
34
Suppose g + 0*g = 2*g. Suppose 4*b - 8*b + 132 = g. Let c(i) = 4*i**2 - i - 2. Calculate the remainder when b is divided by c(2).
9
Let s(c) = c**2 - 4*c + 7. Calculate the remainder when 233 is divided by s(8).
38
Let k = 93 - 93. Suppose 6*n - n + 5*q - 70 = k, 40 = 5*n - q. What is the remainder when 71 is divided by n?
8
Let g be (-18)/(-7) + 3/7. Suppose -3*x + 155 = -5*p, g*x - p - 159 = 2*p. Calculate the remainder when x is divided by (-2)/(-5)*(4 - (-35 + 4)).
13
Let v(x) = 12*x**2 - 1. Let d = -54 + 56. Calculate the remainder when v(d) is divided by 12.
11
Let c(z) = 38*z + 18. What is the remainder when c(8) is divided by 19?
18
Suppose 6*v - 2*v - 12 = 0. Suppose -5*t + 0*t = -2*o - 9, -v*t = -3*o - 9. Suppose -3*a - 1 = -4*a. What is the remainder when a is divided by t?
0
Suppose 5*m = 14 + 81. Calculate the remainder when 321 is divided by m.
17
Let w be -58 + 6/(-3) + 2. Let n(l) = -4*l**2 - 3*l + 22. Let m be n(-6). Let t = w - m. Calculate the remainder when t is divided by 16.
14
Let o = 608 - 584. Suppose 0 = f - 4*a - 0*a - 97, 2 = -2*a. What is the remainder when f is divided by o?
21
Suppose 61 = 29*u - 2462. Calculate the remainder when 341 is divided by u.
80
Suppose -36*c = 18*c - 648. Calculate the remainder when 359 is divided by c.
11
Suppose -t = -0 - 7. Suppose t = -2*p + 13. Suppose -p*j = j + 8, -5*n + j + 142 = 0. What is the remainder when n is divided by 5?
3
Let f = -63 + 68. Suppose -3*s - 5*o + 75 = s, -f*o = -15. Calculate the remainder when 27 is divided by s.
12
Suppose 0 = -9*u + 2*u + 280. What is the remainder when 198 is divided by u?
38
Suppose 0 = -10*y + 5*y - 20, -96 = -5*r + 4*y. Suppose 5*g = 6*g - r. Suppose 0 = 3*o - 4*o + 45. What is the remainder when o is divided by g?
13
Let b = -287 + 317. Calculate the remainder when 59 is divided by b.
29
Let s(z) = 35*z - 75. What is the remainder when s(11) is divided by 52?
50
Suppose 3*g + 54 = 123. What is the remainder when 96 is divided by g?
4
Suppose 4*y + 2*y = 1290. What is the remainder when y is divided by 24?
23
Suppose -5*b = -10*b + 5*a - 25, 5*a + 55 = -5*b. Let n = b + -5. Let t = n - -40. Calculate the remainder when t is divided by 10.
7
Calculate the remainder when (-3 + 4)*(-6)/(30/(-755)) is divided by 39.
34
Suppose 4*h = 2*h. Suppose 0 = -v - 5*i + 51, 5*v - 3*i - 99 - 72 = h. What is the remainder when v is divided by 13?
10
What is the remainder when 343 is divided by 91 - (-3 + 3/(18/48))?
85
Let o = 60 - 56. What is the remainder when 9 is divided by o?
1
Let k(z) = -55*z + 7. What is the remainder when k(-2) is divided by 8?
5
Let q = -4025 + 4125. Suppose j = 2*j - 26. Calculate the remainder when q is divided by j.
22
Let u = 145 + -44. What is the remainder when 161 is divided by u?
60
Let q = 429 + 401. What is the remainder when q is divided by 26?
24
Suppose t = 4*i - 51, 4*t + 237 = 6*i - i. Let s = 90 + t. What is the remainder when 78 is divided by s?
24
Let s(q) = 2*q**3 + 16*q**2 + 7*q + 3. What is the remainder when s(-6) is divided by 54?
51
Suppose 3*f - 11 = -5*c, -6 = -f + 2*c + 5. Suppose -3*v - 3*z = -7*z - 1, -z = -2*v + 9. Let o = 12 - v. Calculate the remainder when f is divided by o.
2
Let o = 1065 - 598. What is the remainder when o is divided by 36?
35
Let t be (4/(-6))/((-2)/(-3)). What is the remainder when (-5)/(10/(-96)) - t is divided by (-1275)/(-51) - 16/2?
15
Let n(l) = -6*l + 3. Let m(k) = 2*k + 13. Let v be m(-8). Calculate the remainder when 38 is divided by n(v).
17
Calculate the remainder when (1 - 8) + 1/((-10)/(-300)) is divided by 10.
3
Let g = 41 - 4. Suppose 0 = -2*s + 5*d + 96 - 27, -12 = -4*d. Suppose -3 = 3*w - s. What is the remainder when g is divided by w?
11
Let r = 17 - 13. Suppose -h + 183 = r*h - 2*k, 0 = -3*h + 3*k + 117. What is the remainder when h is divided by 3/12 + (-35)/(-4)?
8
Let m(g) = -g + 1. Let a(n) = -n**2 - 21*n + 282. What is the remainder when a(-30) is divided by m(-6)?
5
Let c(p) = -9*p + 260. What is the remainder when 90 is divided by c(28)?
2
Let a(b) = b**2 + 6*b. Let k be a(-8). Let i = k + 1. What is the remainder when ((-100)/(-6))/((-6)/(-18)) is divided by i?
16
What is the remainder when (16/4 - 0) + (-9 - -234) is divided by 10?
9
Let y = 9 + -9. Suppose -7*l + l + 96 = y. What is the remainder when 63 is divided by l?
15
Suppose 0 = -14*v + 16*v - 292. Let y be -2 + (-3)/(3/v). Let i = -84 - y. What is the remainder when i is divided by 22?
20
Let h(r) = 5*r + 89. What is the remainder when h(7) is divided by 14?
12
What is the remainder when 70 is divided by ((-30)/14)/(25/(-175))?
10
Let f(k) = k**3 + 23*k**2 + 20*k - 31. Let g(m) = m + 12. What is the remainder when f(-22) is divided by g(-8)?
1
Let h = -82 + 87. Suppose -h*i + 149 = 39. Suppose 2 + 11 = c. What is the remainder when i is divided by c?
9
Suppose -11*k + 7*k + 196 = 0. Suppose 5*a + z = 39, 2*a + 0 - 12 = -4*z. What is the remainder when k is divided by a?
1
Suppose -m + 159 = 2*m. Suppose r - 2*r + m = 0. Suppose -2*o + 18 = -10. What is the remainder when r is divided by o?
11
Suppose 0*q = 2*q + 330. Let u = q - -80. Calculate the remainder when (-3)/12 + u/(-4) is divided by 6.
3
Let q(a) = 15*a - 65. What is the remainder when q(27) is divided by 91?
67
Suppose -g = 2*j - 342, 55*j - 53*j = 4*g + 322. What is the remainder when j is divided by 63?
43
Suppose -4*b + 37 = -3*k - 10, -5*k - 5*b - 55 = 0. Let h(u) = -9*u**2 - 3 - 6*u**3 + 9*u + 5*u**3 - 3*u**2. What is the remainder when h(k) is divided by 10?
9
Let p = 57 + -36. Let a = 45 - p. What is the remainder when a is divided by 14?
10
Suppose 0 = 2*c + 3*c - 185. Suppose 0 = -x + 391 - 378. What is the remainder when c is divided by x?
11
Suppose d + n = -d + 1, 19 = -2*d - 5*n. Calculate the remainder when d is divided by 2.
1
Let w be 71/4 - 1/(-4). Suppose w*u + 20 = 19*u. What is the remainder when 38 is divided by u?
18
Suppose 0 = -3*x + 54 - 0. Let t = -116 + -62. Let b = -127 - t. Calculate the remainder when b is divided by x.
15
Let z = -4 - 7. Let k(d) = -6*d + 0*d - d**2 - 7 - 7*d. What is the remainder when 43 is divided by k(z)?
13
Suppose -15 + 7 = u. Calculate the remainder when (-6)/(-8) - 338/u is divided by (-4)/10 + 224/10.
21
Let w = -192 + 259. Calculate the remainder when w is divided by 24.
19
Suppose 38 = 2*b - 32. Suppose -23 + 5 = -r. What is the remainder when b is divided by r?
17
Calculate the remainder when 71 is divided by (-12)/14*16/(-12)*7.
7
Suppose -3*m - 3*h = -6, 2*m + h = -3*h + 8. Let r be m + 2 - (3 - 5). Calculate the remainder when ((-770)/33)/(r/(-6)) is divided by 13.
9
Let o = 43 - 46. What is the remainder when (2/o + -2)/(12/(-234)) is divided by 14?
10
Let v = -108 + 156. Suppose -3*f - 2*s + s + v = 0, -5*f + 2*s = -69. What is the remainder when 42 - (-2 - 4*-1) is divided by f?
10
Let u be -6*99/(-6) + 3. Suppose -x - u = -2*k, -k + 2*x + 98 = k. Suppose 2*f - g = k, 0*f - 3*f + 74 = 4*g. Calculate the remainder when f is divided by 7.
5
Suppose 0 = 3*o + 2*o - 5*c - 735, -4*o + 591 = -c. What is the remainder when o is divided by 23?
10
Suppose 3*j - 141 = l - 4*l, -3*j = -2*l - 151. Suppose -2*u + 13 + 23 = 0. Calculate the remainder when j is divided by u.
13
Let c = -140 + 87. Let y = -24 - c. Suppose 1466*p = 1454*p + 48. Calculate the remainder when y is divided by p.
1
Let f = 13 + -11. Let u(j) = 5*j**f - 3*j - 4*j**2 + 9*j**2 - 10 + j**3. Calculate the remainder when 38 is divided by u(-10).
18
Suppose -b + 24 = -5*b. Let h = -27 - b. What is the remainder when 6 is divided by h/(-14)*2/1?
0
Let u(i) = -4*i - 10. Let a be u(-3). Suppose 22 = a*z + 12. Calculate the remainder when 7 is divided by z.
2
Let y = 26 - 24. What is the remainder when 102 is divided by y/1 - (-13 + 0)?
12
Suppose -3*l + 4 = 1. Let z = l - 4. What is the remainder when 35 is divided by z - 0 - -6 - -16?
16
Let w = -101 + 106. Let s be -3 - (-2 - 3)/1. Suppose 24 = -s*d + w*d. Calculate the remainder when 14 is divided by d.
6
Suppose -4*h + 136 = 4*g, -5*g + h + 82 + 76 = 0. Calculate the r